reatest common divisor of t and b?
16
Suppose m - 4*b - 24 = 0, -2*m - b = -0*m - 12. Calculate the greatest common factor of 32 and m.
8
Suppose 0 = -y - 10*a + 15*a + 4, -2*y - 3*a + 8 = 0. Let v(g) = g**3 + 4*g**2 - 5*g - 4. Let c be v(-4). Calculate the highest common factor of y and c.
4
Suppose 5*a - 55 = -0*a. What is the greatest common factor of a and 33?
11
Let p be (1371/(-9) + -1)*(-3)/2. Calculate the highest common factor of p and 46.
46
Let l(c) = c - 6. Let o be l(7). Let z be ((-6)/(-4))/(o/2). What is the highest common factor of 33 and z?
3
Suppose 2*k - 480 = -84. Calculate the greatest common factor of 22 and k.
22
Let g(n) = n**3 + 16*n**2 + n + 22. Let d be g(-16). What is the greatest common factor of d and 18?
6
Let o be 882/12*(-2)/(-3). Let a(z) = -z**2 + z + 7. Let b be a(0). What is the highest common factor of b and o?
7
Suppose c - 132 = -2*c. Calculate the highest common factor of 11 and c.
11
Let k be 11/2 + (-7)/14. Suppose 0 = -4*f + 8 - 24, 3*q = -5*f + 85. What is the greatest common factor of k and q?
5
Let x(w) be the first derivative of -2*w**2 + 6*w - 1. Let j be x(-6). What is the greatest common factor of 10 and j?
10
Suppose 5*f + 4*v + 162 - 838 = 0, -3*v - 252 = -2*f. What is the greatest common factor of 12 and f?
12
Let u = -13 + 18. Let m be (-5 + 8)*(-20)/(-6). What is the highest common divisor of u and m?
5
Let k be 9/((-108)/195)*-4. Calculate the greatest common factor of 26 and k.
13
Suppose -5*y = -234 - 26. Suppose 4*u - 27 = 25. What is the highest common divisor of u and y?
13
Let n = 127 - 77. Let k(f) = -f**3 + 4*f**2 - 2*f - 3. Let c be k(3). Suppose c = -b - 0 + 10. Calculate the highest common factor of n and b.
10
Suppose -4*o + 4*n + 628 = 52, -5*n - 160 = -o. Let f(q) = 2*q**3 - 14*q**2 + 3*q + 7. Let y be f(7). What is the greatest common divisor of y and o?
28
Suppose m - 4 = b + 1, -4*b + 7 = 5*m. Let v(k) = k - 2. Let q be v(m). Let u be q - (-2 - (1 + 2)). Calculate the highest common factor of 42 and u.
6
Let x be (2/(-6))/((-5)/30). Suppose -3*u + x*w + 25 = 0, 4*w - 2 = -u - 3. What is the highest common factor of 35 and u?
7
Let m be (256/(-2))/(-4) + -3. Calculate the greatest common divisor of 58 and m.
29
Suppose -6*z + z + 2*g = 523, -2*z + 4*g - 206 = 0. Let o = -75 - z. What is the greatest common divisor of 20 and o?
10
Let g(k) = -k**3 + 9*k**2 + 2*k - 13. Let x = 28 - 19. Let f be g(x). Suppose 1 = 3*c - f. Calculate the greatest common factor of 6 and c.
2
Let y be (-24 + 4)*3/(-5). Calculate the greatest common factor of 30 and y.
6
Let t(d) = -d**3 + 17*d**2 + 3*d - 25. Let m be t(17). What is the highest common factor of 104 and m?
26
Let o = -10 - -6. Let t(n) = -n - 1. Let b be t(o). Suppose 2*s = b*k - s - 39, -4*s = -4. Calculate the greatest common factor of 56 and k.
14
Suppose 9*n - 4*n = o - 174, 3*o - 3*n = 546. Calculate the greatest common factor of o and 23.
23
Suppose 3*a - 15 = 0, -4*a + 0 + 20 = 5*i. Suppose i = -2*t - 2 + 6. Suppose -4*l + 6 = -5*y + 39, -6 = 3*l. What is the greatest common divisor of y and t?
1
Let t(v) = 5*v + 1. Let l be t(2). Suppose 0 = 4*p - 0*p - 8. Suppose -p*x + l = -7. What is the greatest common factor of 3 and x?
3
Suppose 32 = s - 0*s. Let i = s + -17. What is the greatest common divisor of 10 and i?
5
Let q(b) = -b**3 - 5*b**2 + 16*b + 17. Let r be q(-7). Calculate the greatest common divisor of 2 and r.
1
Let a(o) = 6*o**2 - 51*o - 41. Let w(y) = y**2 - 10*y - 8. Let m(q) = -2*a(q) + 11*w(q). Let j be m(-7). What is the highest common factor of 7 and j?
1
Suppose -5*b = -k + 12, -k + 2 = -2*b - 1. Let y = b + 7. Calculate the highest common divisor of y and 6.
2
Let r be 28 - (-3 + (-5)/(-1)). What is the highest common factor of r and 234?
26
Let j be 4/(-6) + 8/12. Suppose j = 6*u - 198. Calculate the highest common divisor of 3 and u.
3
Let l(i) = 2*i**2 + 5*i - 2. Let o be l(-4). Let z = -4 - -1. Let w = z + o. Calculate the greatest common factor of 1 and w.
1
Suppose 4*v + 0*v + 96 = 0. Let w = v - -38. Let z = -135 - -261. Calculate the highest common divisor of w and z.
14
Suppose -3*q + 128 = -0*q + 2*i, 5*q + 3*i = 213. What is the highest common divisor of 14 and q?
14
Suppose 7*g - 28 = 49. Calculate the highest common factor of g and 143.
11
Let u(f) = f**2 + 10*f - 25. Let w be u(-13). Calculate the greatest common factor of w and 2.
2
Let p = -153 - -187. What is the highest common factor of p and 34?
34
Suppose 4 = 2*s - 2. Let o = -5 - -8. Let f be -18*(o + 10/(-3)). What is the greatest common divisor of f and s?
3
Let q = -15 - -25. What is the highest common divisor of q and 110?
10
Suppose 3*w - 84 = -3*m, 2*m - w + 88 = 5*m. Suppose -x - 4 = -5*x - 4*z, -7 = 3*x + 5*z. What is the highest common factor of x and m?
6
Let q be 62/(-3)*(-54)/36. Suppose 0 = 4*u - 5*g - 1007, u - 2*g = 3*g + 263. Calculate the highest common factor of q and u.
31
Let b = 2 + 4. Let u = 30 + 18. Calculate the greatest common divisor of u and b.
6
Suppose 5*q - 18 = 17. Calculate the highest common divisor of 35 and q.
7
Let v be -3*(-2 + (-138)/(-9)). Let z be 104/3 + 1/3. Let j = z - v. Calculate the greatest common divisor of 30 and j.
15
Let n = -70 - -213. Suppose -3*w - w + 100 = 0. Suppose u - w = -3*p, 5*u - 3*u - 46 = -5*p. Calculate the greatest common factor of u and n.
13
Suppose -q - 5*t = -85, t = -4*q - 2*t + 425. Let s(r) = -r**2 + 11*r - 8. Let o be s(9). Calculate the greatest common factor of o and q.
10
Let n(x) = 26*x + 1. Let w be n(-1). Let c be (-4)/12 + w/(-3). Calculate the greatest common divisor of 1 and c.
1
Let s be (6 - 3)/((-6)/(-8)). Suppose 4*c - 3*c = -4*b - 16, 0 = 5*c - 5*b - 45. What is the highest common divisor of c and s?
4
Let h = 12 - 8. Let k(b) = 0 + h*b - 1 + 15*b. Let d be k(1). What is the highest common divisor of d and 12?
6
Suppose 10 = -5*j + 410. Calculate the greatest common divisor of 10 and j.
10
Let v be 1/(-3) - 78/(-18). Let a = 6 - v. Calculate the greatest common factor of 8 and a.
2
Let k(v) = 2*v**2 + v. Let g be k(2). Suppose 29 = -2*w + 1. Let i = w - -24. Calculate the highest common factor of i and g.
10
Let q = -2 - -24. Suppose -2*j = -5*i + 760, -4*j = -2*i - 6*j + 318. Calculate the highest common factor of i and q.
22
Suppose -2*s - 5*r + 166 = 0, 8*s = 3*s + 3*r + 384. What is the greatest common factor of 26 and s?
26
Suppose k - 5*r = 24, -r = -3*k + 5 + 25. What is the greatest common factor of 9 and k?
9
Let q be (42/(-24))/(2/(-40)). Let z be 24/(-7)*q/(-2). What is the greatest common factor of 24 and z?
12
Suppose 6 = 2*z - 8. Let x = z + 4. Calculate the highest common divisor of 1 and x.
1
Let v = 3 - -29. What is the highest common divisor of 4 and v?
4
Let m be (-8 - 0)/((-8)/48). Let p(x) = 2*x**2 + 8*x + 4. Let q be p(-6). Let s = m - q. Calculate the greatest common factor of 50 and s.
10
Suppose 426 = 3*b + 42. Let g = 89 - 140. Let m = -35 - g. What is the greatest common factor of b and m?
16
Let p be -3 + (2*-24)/(-1). What is the highest common divisor of 30 and p?
15
Let h be (-10)/((-3)/(30/(-1))). Let m = 142 + h. Let a = 51 - -12. Calculate the highest common factor of m and a.
21
Let a = -3 + 9. Suppose 3*t + 3*b - 1310 = 805, -5*b = 3*t - 2119. Suppose 2 = -a*f + 5*f, -3*o = -5*f - t. Calculate the highest common divisor of o and 21.
21
Let m be 4 + 11 + -2 + -2. Calculate the highest common divisor of m and 44.
11
Suppose 3*w + y - 77 = w, -4*w + 2*y = -134. Suppose 0 = 5*i - 193 + 73. What is the highest common factor of i and w?
12
Suppose -58 = 8*p - 10*p - n, -5*n = -10. What is the highest common divisor of 238 and p?
14
Let j(c) = -c**3 - 4*c**2 - 3*c + 4. Let z be j(-5). Let h be ((-4)/(-4))/(3/12). What is the greatest common divisor of h and z?
4
Suppose t = f - 5*f - 2, 2*f + 4*t - 6 = 0. Let b be (f + 6/4)*154. Let v = 112 - b. What is the highest common factor of v and 7?
7
Suppose 5*l - 6 - 4 = 0. Suppose 84 = -0*g + l*g. Let h = -173 - -278. What is the greatest common divisor of g and h?
21
Let r be (-21)/35 - (-106)/10. What is the greatest common divisor of r and 20?
10
Suppose -p - 5*w = p - 25, w - 5 = p. Suppose -3*t + p*t = -90. Suppose 4*k - k = 18. Calculate the greatest common diviso